ivided by 26?
25
What is the remainder when 878501 is divided by 6972?
29
Calculate the remainder when 57514 is divided by 9585.
4
Calculate the remainder when 2424783 is divided by 19244.
39
What is the remainder when 452314 is divided by 13273?
1032
What is the remainder when 1532571557 is divided by 1027?
1024
Calculate the remainder when 139887423 is divided by 537.
534
Calculate the remainder when 480129 is divided by 475.
379
What is the remainder when 351266 is divided by 2746?
2524
What is the remainder when 19674 is divided by 11323?
8351
Calculate the remainder when 2576339 is divided by 156.
155
What is the remainder when 1823229 is divided by 1712?
1661
Calculate the remainder when 4073977 is divided by 678994.
13
Calculate the remainder when 64921888 is divided by 156.
148
What is the remainder when 1776861 is divided by 291?
15
What is the remainder when 95194 is divided by 914?
138
Calculate the remainder when 824948 is divided by 206228.
36
What is the remainder when 20993 is divided by 2919?
560
What is the remainder when 21188 is divided by 2954?
510
What is the remainder when 2915473 is divided by 10302?
7
What is the remainder when 112541 is divided by 98?
37
Calculate the remainder when 4009663 is divided by 1376.
1375
Calculate the remainder when 64245837 is divided by 103.
102
Calculate the remainder when 1002659 is divided by 7315.
504
What is the remainder when 5510412 is divided by 200?
12
What is the remainder when 3158440 is divided by 1052739?
223
What is the remainder when 64471395 is divided by 2479668?
27
Calculate the remainder when 46413 is divided by 22777.
859
What is the remainder when 552377 is divided by 23015?
17
What is the remainder when 236696 is divided by 59131?
172
Calculate the remainder when 131030 is divided by 684.
386
Calculate the remainder when 196616 is divided by 1236.
92
Calculate the remainder when 298312284 is divided by 31.
28
Calculate the remainder when 61159 is divided by 984.
151
What is the remainder when 1876610 is divided by 144354?
8
What is the remainder when 23368146 is divided by 459?
456
Calculate the remainder when 3180898 is divided by 311.
301
Calculate the remainder when 7187 is divided by 1425.
62
What is the remainder when 108427045 is divided by 64?
37
Calculate the remainder when 230356917 is divided by 58.
57
Calculate the remainder when 714777 is divided by 6992.
1593
What is the remainder when 2357847 is divided by 3866?
3453
What is the remainder when 24122 is divided by 434?
252
Calculate the remainder when 13252065 is divided by 5916.
225
What is the remainder when 159206486 is divided by 1358?
1356
What is the remainder when 69681 is divided by 68270?
1411
What is the remainder when 5307 is divided by 4343?
964
Calculate the remainder when 20290 is divided by 146.
142
What is the remainder when 203734 is divided by 97769?
8196
What is the remainder when 267208 is divided by 764?
572
What is the remainder when 389948327 is divided by 222?
221
What is the remainder when 2220818 is divided by 713?
536
Calculate the remainder when 14549 is divided by 7263.
23
What is the remainder when 13104285 is divided by 32?
29
What is the remainder when 28815 is divided by 11464?
5887
Calculate the remainder when 73475 is divided by 36312.
851
What is the remainder when 147372 is divided by 207?
195
Calculate the remainder when 81110 is divided by 6226.
172
What is the remainder when 862285 is divided by 4355?
4350
What is the remainder when 539391 is divided by 769?
322
Calculate the remainder when 5984553 is divided by 841.
838
What is the remainder when 46723 is divided by 7786?
7
Calculate the remainder when 32248 is divided by 5892.
2788
What is the remainder when 437543997 is divided by 300?
297
Calculate the remainder when 2533396 is divided by 135.
121
Calculate the remainder when 1498234 is divided by 14.
10
What is the remainder when 1201881 is divided by 1857?
402
What is the remainder when 6147455 is divided by 1409?
1397
What is the remainder when 1772090 is divided by 590685?
35
Calculate the remainder when 72824168 is divided by 627.
626
What is the remainder when 236958 is divided by 426?
102
Calculate the remainder when 10530858 is divided by 87.
30
What is the remainder when 1486124 is divided by 18805?
529
Calculate the remainder when 16359219 is divided by 16359201.
18
What is the remainder when 18279991 is divided by 5386?
5293
Calculate the remainder when 89404 is divided by 22350.
4
Calculate the remainder when 870630 is divided by 205.
200
Calculate the remainder when 290393 is divided by 7077.
236
Calculate the remainder when 434935 is divided by 434904.
31
Calculate the remainder when 164778 is divided by 30.
18
Calculate the remainder when 10273 is divided by 9091.
1182
Calculate the remainder when 565780 is divided by 28286.
60
Calculate the remainder when 134674 is divided by 26918.
84
Calculate the remainder when 54230 is divided by 1811.
1711
Calculate the remainder when 1561307 is divided by 390015.
1247
Calculate the remainder when 5675619 is divided by 5675611.
8
What is the remainder when 35911 is divided by 8892?
343
What is the remainder when 184800 is divided by 61594?
18
What is the remainder when 1131099 is divided by 3955?
3924
What is the remainder when 532611 is divided by 163?
90
What is the remainder when 207269042 is divided by 3747?
3737
Calculate the remainder when 2012074 is divided by 23671.
39
Calculate the remainder when 93850 is divided by 1915.
15
Calculate the remainder when 399673255 is divided by 37.
32
Calculate the remainder when 7595 is divided by 1527.
1487
Calculate the remainder when 3896487 is divided by 1137.
1125
What is the remainder when 22340283 is divided by 57578?
19
What is the remainder when 334484 is divided by 7455?
6464
Calculate the remainder when 378961 is divided by 23685.
1
What is the remainder when 457672 is divided by 457406?
266
What is the remainder when 14538856 is divided by 17559?
4
Calculate the remainder when 187188 is divided by 12478.
18
What is the remainder when 7148229 is divided by 1092?
1089
What is the remainder when 43355 is divided by 43097?
258
What is the remainder when 7738425 is divided by 2268?
9
Calculate the remainder when 9841111 is divided by 2632.
63
Calculate the remainder when 1655999251 is divided by 13.
10
Calculate the remainder when 2098330 is divided by 12588.
8722
What is the remainder when 469736 is divided by 10?
6
What is the remainder when 130652 is divided by 18505?
1117
Calculate the remainder when 14812 is divided by 14729.
83
What is the remainder when 772604 is divided by 2012?
2008
What is the remainder when 15449109 is divided by 5496?
5349
What is the remainder when 460522544 is divided by 12?
8
Calculate the remainder when 2743522 is divided by 399.
397
What is the remainder when 271116 is divided by 1777?
1012
What is the remainder when 11944 is divided by 9607?
2337
Calculate the remainder when 654232 is divided by 109037.
10
Calculate the remainder when 35770 is divided by 4036.
3482
Calculate the remainder when 972869 is divided by 268.
29
Calculate the remainder when 89432 is divided by 209.
189
What is the remainder when 2558030 is divided by 1874?
20
What is the remainder when 535608 is divided by 102?
6
Calculate the remainder when 18522674 is divided by 103.
81
What is the remainder when 9354877 is divided by 4311?
7
What is the remainder when 1086685 is divided by 7196?
89
Calculate the remainder when 57874 is divided by 1463.
817
Calculate the remainder when 456688 is divided by 790.
68
What is the remainder when 3772976 is divided by 152?
32
What is the remainder when 9885484 is divided by 153?
1
Calculate the remainder when 571566 is divided by 8655.
336
Calculate the remainder when 362914 is divided by 1510.
514
Calculate the remainder when 7704857 is divided by 145.
137
What is the remainder when 506250711 is divided by 218?
211
What is the remainder when 11160876 is divided by 27?
21
Calculate the remainder when 558105 is divided by 34878.
57
Calculate the remainder when 179386 is divided by 205.
11
Calculate the remainder when 57729699 is divided by 73541.
14
Calculate the remainder when 9650221 is divided by 37.
29
What is 